mon factor of 4947 and 4562783.
1649
Calculate the highest common factor of 152627 and 232.
29
What is the highest common factor of 24549 and 4263?
147
What is the greatest common factor of 372 and 665787?
93
What is the greatest common factor of 178 and 44?
2
Calculate the greatest common factor of 24605 and 2432.
19
Calculate the greatest common divisor of 182 and 1734005.
91
What is the highest common divisor of 3668 and 50828?
524
Calculate the greatest common divisor of 155595 and 123.
123
Calculate the greatest common divisor of 200 and 352150.
50
Calculate the highest common factor of 110028 and 12.
12
What is the greatest common divisor of 7018 and 9680?
242
Calculate the greatest common factor of 120 and 22905.
15
Calculate the greatest common divisor of 278940 and 114.
6
Calculate the highest common factor of 232 and 63771.
29
Calculate the greatest common divisor of 45119 and 4.
1
What is the highest common factor of 911072 and 71?
71
Calculate the highest common divisor of 531 and 7493.
59
Calculate the greatest common divisor of 119 and 6076.
7
Calculate the greatest common divisor of 309 and 3164160.
309
What is the highest common factor of 76 and 3156?
4
What is the greatest common divisor of 12152 and 35?
7
What is the greatest common divisor of 6840 and 2584?
152
Calculate the greatest common factor of 6657 and 146137.
317
What is the greatest common divisor of 4883082 and 18?
6
Calculate the greatest common factor of 828 and 2668.
92
Calculate the highest common divisor of 434 and 9422.
14
What is the greatest common factor of 1776 and 66576?
48
Calculate the greatest common divisor of 181324 and 7436.
572
Calculate the greatest common factor of 12460 and 1260.
140
Calculate the highest common factor of 132 and 18733.
11
What is the greatest common factor of 2206411 and 4119?
1373
What is the highest common factor of 1148 and 12956?
164
What is the highest common divisor of 2439307 and 39?
13
What is the highest common divisor of 2238 and 1954520?
746
Calculate the highest common divisor of 5418 and 18459.
63
Calculate the highest common factor of 1408 and 346016.
352
What is the greatest common divisor of 444 and 458726?
74
Calculate the highest common factor of 1365546 and 1476.
246
What is the greatest common factor of 36558 and 432?
54
Calculate the greatest common divisor of 180 and 1293720.
60
Calculate the highest common factor of 124187 and 791.
791
Calculate the highest common factor of 17 and 1091961.
17
Calculate the greatest common factor of 958 and 6.
2
What is the highest common factor of 3880 and 10864?
776
Calculate the highest common factor of 502775 and 476.
119
What is the greatest common divisor of 183715 and 203?
203
What is the highest common factor of 6867 and 84?
21
What is the highest common factor of 76 and 150138?
38
Calculate the greatest common factor of 5547 and 188469.
129
What is the greatest common divisor of 8228 and 952?
68
What is the greatest common divisor of 96 and 1384128?
96
Calculate the greatest common divisor of 474 and 66597.
237
Calculate the greatest common factor of 33991 and 114.
19
Calculate the highest common divisor of 15 and 3603.
3
What is the greatest common divisor of 2226 and 4240?
106
What is the highest common factor of 182 and 5616?
26
Calculate the highest common factor of 251762 and 4802.
686
Calculate the highest common divisor of 48 and 14172.
12
Calculate the greatest common divisor of 657006 and 336.
42
What is the greatest common divisor of 106341 and 21?
3
Calculate the greatest common factor of 81844 and 333.
37
Calculate the highest common divisor of 4361 and 6370.
49
Calculate the highest common divisor of 12 and 485988.
12
What is the highest common factor of 1155 and 209?
11
Calculate the highest common divisor of 44 and 298067.
11
Calculate the greatest common factor of 753368 and 176.
88
Calculate the highest common divisor of 160 and 3026080.
160
What is the highest common factor of 5335 and 12881?
11
Calculate the greatest common factor of 10000 and 32.
16
Calculate the highest common divisor of 111024 and 432.
432
Calculate the highest common divisor of 49915 and 6365.
335
Calculate the greatest common factor of 26 and 4667.
13
Calculate the greatest common divisor of 3542 and 15226.
46
What is the greatest common divisor of 62036 and 52?
52
Calculate the highest common divisor of 7254 and 52.
26
What is the highest common divisor of 288 and 4704?
96
Calculate the greatest common factor of 124859 and 70.
7
Calculate the greatest common divisor of 8856 and 2706.
246
What is the highest common divisor of 558 and 35226?
18
Calculate the highest common factor of 562045 and 22.
11
What is the greatest common factor of 616 and 46508?
308
What is the highest common divisor of 63291 and 34?
17
Calculate the greatest common factor of 3278 and 4158.
22
What is the highest common divisor of 41074 and 154?
22
What is the greatest common divisor of 1314 and 140346?
18
What is the highest common divisor of 19205 and 5290?
115
Calculate the highest common factor of 1093812 and 48.
12
Calculate the highest common divisor of 3219 and 87.
87
What is the greatest common divisor of 495 and 35365?
55
What is the highest common divisor of 735 and 666645?
735
Calculate the greatest common divisor of 188 and 252578.
94
What is the greatest common divisor of 13200 and 2706?
66
What is the highest common divisor of 1779 and 148843?
593
What is the greatest common factor of 5058288 and 12?
12
What is the highest common factor of 192 and 1191?
3
Calculate the highest common divisor of 25601 and 22.
1
What is the highest common factor of 170538 and 6?
6
What is the greatest common factor of 7222 and 230?
46
What is the highest common factor of 1108013 and 193?
193
Calculate the highest common factor of 4403 and 11137.
259
What is the greatest common factor of 174 and 107898?
6
What is the greatest common divisor of 3472 and 43764?
28
What is the highest common factor of 121818 and 474?
474
What is the greatest common factor of 484568 and 34?
34
Calculate the highest common factor of 180 and 28770.
30
What is the greatest common factor of 3690 and 34020?
90
What is the greatest common divisor of 72 and 56424?
24
Calculate the greatest common factor of 9600 and 3040.
160
Calculate the highest common divisor of 83528 and 424.
424
Calculate the greatest common factor of 375 and 1635.
15
What is the highest common divisor of 61 and 1288869?
61
Calculate the greatest common factor of 259 and 39452.
7
What is the greatest common divisor of 2200 and 296600?
200
What is the highest common factor of 95338 and 146?
146
Calculate the greatest common divisor of 420 and 37860.
60
Calculate the highest common divisor of 6120 and 31960.
680
Calculate the greatest common factor of 4449240 and 1700.
340
Calculate the highest common factor of 765 and 24446.
17
Calculate the highest common divisor of 3880 and 192545.
485
Calculate the highest common factor of 3869 and 1387.
73
Calculate the greatest common divisor of 80108 and 2016.
28
What is the greatest common divisor of 2489 and 33667?
131
Calculate the greatest common divisor of 207 and 928878.
69
Calculate the greatest common divisor of 198 and 647922.
66
Calculate the highest common divisor of 5540 and 5240.
20
What is the greatest common divisor of 128 and 1128?
8
What is the highest common divisor of 680 and 82790?
170
Calculate the highest common factor of 42 and 87500.
14
Calculate the greatest common factor of 12 and 40452.
12
What is the highest common divisor of 123319 and 2007?
223
Calculate the greatest common factor of 21 and 121093.
7
Calculate the greatest common divisor of 75174 and 204.
102
What is the greatest common factor of 91567 and 927?
103
What is the greatest common factor of 19761 and 189?
21
Calculate the highest common factor of 125 and 265950.
25
What is the greatest common factor of 20 and 66370?
10
What is the greatest common divisor of 306 and 130509?
153
Calculate the greatest common divisor of 233466 and 3006.
1002
Calculate the highest common factor of 40 and 4850.
10
What is the highest common factor of 242011 and 1078?
539
What is the highest common factor of 1053 and 112671?
1053
What is the greatest 